alculate the greatest common factor of 742588 and 9548.
308
What is the highest common divisor of 203458 and 23?
23
Calculate the greatest common factor of 819 and 324506.
91
Calculate the highest common factor of 163527 and 1092.
273
What is the greatest common factor of 4795 and 70555?
685
What is the highest common factor of 1387 and 9198?
73
What is the greatest common factor of 88 and 1442672?
88
What is the highest common divisor of 17720 and 584?
8
What is the greatest common factor of 897 and 76011?
39
What is the highest common divisor of 40820 and 2340?
260
What is the highest common factor of 114723 and 28?
7
Calculate the greatest common factor of 270395 and 2050.
205
Calculate the highest common divisor of 1179 and 72181.
131
What is the highest common factor of 8277 and 12?
3
Calculate the highest common divisor of 18404 and 4708.
428
Calculate the greatest common factor of 2898 and 211374.
18
Calculate the greatest common divisor of 308 and 223916.
308
Calculate the greatest common factor of 39702 and 3978.
78
Calculate the highest common factor of 127 and 14297279.
127
What is the greatest common divisor of 1071 and 2261?
119
Calculate the greatest common divisor of 491 and 154665.
491
Calculate the highest common factor of 339 and 58647.
339
What is the greatest common factor of 251 and 597631?
251
What is the greatest common divisor of 19 and 46037?
19
Calculate the greatest common divisor of 464 and 1668196.
116
Calculate the highest common factor of 1140 and 13576260.
1140
Calculate the highest common divisor of 4781 and 35.
7
What is the greatest common factor of 2384 and 208004?
596
What is the highest common divisor of 427 and 12932?
61
Calculate the greatest common factor of 45 and 2325069.
9
What is the greatest common divisor of 36040 and 636?
212
Calculate the greatest common divisor of 375 and 8985.
15
What is the greatest common factor of 38055 and 15?
15
What is the greatest common divisor of 391 and 8?
1
What is the greatest common divisor of 189 and 208215?
63
Calculate the greatest common divisor of 658 and 3556.
14
Calculate the highest common divisor of 176 and 638.
22
Calculate the highest common factor of 26559 and 468.
117
Calculate the greatest common factor of 3364221 and 21.
21
What is the greatest common divisor of 1078 and 49214?
22
Calculate the greatest common factor of 14 and 8918.
14
What is the highest common factor of 6035 and 40115?
355
Calculate the highest common divisor of 20414 and 3422.
118
What is the highest common factor of 165 and 24150?
15
Calculate the highest common divisor of 3149 and 470.
47
What is the highest common factor of 80 and 55460?
20
What is the greatest common factor of 113256 and 351?
117
What is the highest common divisor of 182 and 586742?
26
Calculate the greatest common divisor of 47036 and 33.
11
Calculate the greatest common divisor of 9308 and 3796.
52
What is the greatest common factor of 88593 and 3?
3
Calculate the highest common divisor of 194 and 54029.
97
What is the highest common factor of 80974 and 2?
2
What is the greatest common factor of 1912008 and 228?
228
Calculate the highest common divisor of 782 and 34.
34
What is the highest common factor of 1712 and 2304?
16
What is the highest common factor of 20 and 1391210?
10
What is the highest common divisor of 1270 and 8860790?
1270
What is the highest common divisor of 52061 and 6241?
79
What is the highest common factor of 102050 and 975?
325
What is the highest common divisor of 227 and 737296?
227
What is the highest common divisor of 3240 and 2760?
120
What is the highest common factor of 99 and 617331?
33
Calculate the greatest common factor of 1917 and 1836.
27
What is the highest common divisor of 11440 and 20240?
880
Calculate the highest common divisor of 1581 and 13392.
93
Calculate the highest common factor of 2337 and 3648.
57
What is the greatest common divisor of 714 and 83622?
42
Calculate the highest common factor of 19096 and 440.
88
Calculate the greatest common divisor of 12384 and 88416.
288
Calculate the highest common factor of 352 and 960608.
352
What is the highest common divisor of 34231 and 1?
1
Calculate the highest common divisor of 4495295 and 35.
35
Calculate the greatest common divisor of 4200 and 6450.
150
What is the greatest common factor of 72 and 108774?
18
What is the highest common factor of 23838 and 522?
174
Calculate the highest common factor of 3062320 and 10100.
2020
What is the greatest common divisor of 78828 and 324?
12
Calculate the greatest common divisor of 11 and 1424819.
11
Calculate the highest common factor of 4005 and 585.
45
What is the greatest common divisor of 280 and 16296?
56
Calculate the highest common factor of 8 and 159536.
8
What is the greatest common factor of 3835 and 11635?
65
What is the highest common factor of 1714 and 158?
2
What is the highest common divisor of 708 and 1296938?
118
What is the highest common divisor of 1112 and 151093?
139
Calculate the greatest common factor of 379334 and 482.
482
Calculate the highest common divisor of 2126025 and 1925.
275
Calculate the highest common factor of 50736 and 12.
12
Calculate the greatest common factor of 6 and 27651.
3
Calculate the highest common factor of 722 and 1252309.
361
What is the highest common factor of 7363 and 148?
37
What is the greatest common factor of 24 and 1309740?
12
Calculate the greatest common divisor of 2046 and 9834.
66
Calculate the greatest common divisor of 8959502 and 194.
194
What is the highest common factor of 368 and 72128?
368
What is the greatest common factor of 11452 and 56?
28
Calculate the greatest common factor of 5709566 and 46.
46
Calculate the highest common factor of 2368 and 3256.
296
Calculate the highest common divisor of 1253240 and 40.
40
Calculate the highest common divisor of 212814 and 378.
378
What is the highest common factor of 45 and 149085?
45
What is the greatest common factor of 68 and 741744?
68
What is the highest common factor of 217 and 49308?
7
Calculate the highest common factor of 547008 and 4368.
336
Calculate the greatest common factor of 356650 and 400.
50
Calculate the highest common divisor of 8590503 and 639.
213
What is the highest common factor of 2592 and 2025?
81
What is the highest common divisor of 265863 and 2005?
401
What is the highest common factor of 10179 and 546?
39
What is the greatest common divisor of 33117 and 42?
21
Calculate the greatest common divisor of 7711700 and 4020.
1340
What is the greatest common divisor of 808001 and 1661?
151
What is the highest common divisor of 62955 and 720?
45
What is the greatest common divisor of 61325 and 275?
275
Calculate the greatest common divisor of 137600 and 384.
128
Calculate the greatest common factor of 60705 and 72.
9
Calculate the greatest common divisor of 579181 and 94.
47
What is the highest common factor of 535 and 1610671?
107
Calculate the highest common divisor of 5964 and 94440.
12
What is the greatest common factor of 56658 and 31122?
798
What is the highest common divisor of 823156 and 4?
4
Calculate the greatest common divisor of 29146 and 2223.
247
Calculate the greatest common divisor of 98 and 172039.
49
Calculate the greatest common divisor of 25 and 2575.
25
What is the greatest common divisor of 61623 and 4008?
501
What is the highest common divisor of 6731 and 15367?
127
Calculate the highest common factor of 1694 and 114708.
242
Calculate the greatest common factor of 7247 and 7.
1
What is the highest common factor of 90317 and 111?
37
Calculate the greatest common divisor of 272 and 259131.
17
What is the greatest common factor of 4150 and 696370?
830
Calculate the greatest common divisor of 10112 and 464.
16
What is the highest common factor of 22 and 153593?
11
Calculate the highest common factor of 344454 and 132.
66
Calculate the greatest common factor of 230 and 5275510.
230
Calculate the greatest common factor of 10706 and 13332.
202
What is the greatest common factor of 88579 and 5947?
313
Calculate the highest common factor of 28644 and 110.
22
What is the greatest common divisor of 470 and 484570?
470
What is the greatest common divisor of 357028 and 861?
287
What is the greatest common divisor of 169716 and 2